 54 and 14931.
27
What is the greatest common divisor of 2169 and 1928?
241
What is the highest common factor of 3635 and 655?
5
Calculate the highest common divisor of 240 and 3310.
10
Calculate the highest common divisor of 177723 and 147.
147
Calculate the greatest common divisor of 161 and 16468.
23
Calculate the greatest common factor of 319 and 6809.
11
Calculate the highest common factor of 1600 and 225.
25
What is the highest common divisor of 582656 and 96?
32
What is the greatest common factor of 4 and 256436?
4
What is the greatest common divisor of 649500 and 650?
50
Calculate the greatest common divisor of 285 and 633935.
95
What is the greatest common divisor of 494974 and 4548?
758
What is the greatest common factor of 7712 and 2169?
241
Calculate the highest common factor of 293851 and 6398.
457
Calculate the greatest common factor of 282 and 529878.
282
Calculate the greatest common divisor of 15705 and 2792.
349
Calculate the greatest common divisor of 1168 and 541003.
73
Calculate the greatest common divisor of 2016 and 1932.
84
What is the greatest common divisor of 61605 and 360?
45
What is the greatest common factor of 1185 and 41565?
15
What is the highest common divisor of 141 and 11841?
3
Calculate the highest common factor of 275 and 555500.
275
What is the greatest common divisor of 258795 and 540?
135
What is the highest common factor of 112 and 1328?
16
Calculate the greatest common factor of 4 and 70732.
4
What is the greatest common divisor of 108 and 2211444?
36
What is the highest common factor of 53578 and 154504?
1246
Calculate the highest common divisor of 2055002 and 3116.
1558
What is the greatest common factor of 2739 and 129?
3
What is the highest common factor of 10065 and 4575?
915
Calculate the highest common divisor of 7291600 and 240.
80
What is the highest common factor of 15239 and 2989?
49
What is the highest common factor of 9905030 and 10?
10
What is the greatest common factor of 6846 and 109862?
326
What is the highest common factor of 970 and 27070?
10
Calculate the highest common divisor of 5460 and 236236.
364
Calculate the greatest common divisor of 432 and 164484.
108
What is the greatest common divisor of 55 and 12520?
5
Calculate the greatest common divisor of 1488 and 228036.
372
Calculate the highest common factor of 28 and 1344399.
7
What is the greatest common factor of 414 and 4554?
414
Calculate the greatest common factor of 368 and 56.
8
Calculate the highest common factor of 16545 and 435.
15
What is the greatest common divisor of 312 and 2514408?
312
Calculate the greatest common divisor of 6358 and 3586.
22
What is the greatest common factor of 260115 and 660?
15
Calculate the highest common divisor of 1281 and 7539.
21
What is the highest common divisor of 12 and 22956?
12
Calculate the highest common factor of 300136 and 8.
8
What is the highest common divisor of 19020 and 26460?
60
Calculate the highest common factor of 182 and 1137448.
26
What is the greatest common factor of 645 and 20565?
15
Calculate the greatest common divisor of 72 and 78840.
72
What is the highest common factor of 11 and 9160580?
11
Calculate the greatest common divisor of 649922 and 1638.
182
Calculate the greatest common divisor of 21873 and 58011.
951
Calculate the greatest common factor of 61 and 2021418.
61
Calculate the highest common factor of 1068140 and 80.
20
Calculate the highest common divisor of 81209 and 136.
17
Calculate the highest common factor of 35670 and 13120.
410
What is the greatest common divisor of 35535 and 2060?
515
What is the greatest common divisor of 912 and 184528?
304
What is the greatest common factor of 12243 and 2703?
159
Calculate the highest common divisor of 652 and 101386.
326
Calculate the greatest common factor of 2085 and 2730099.
417
Calculate the highest common factor of 9 and 1362087.
9
What is the highest common divisor of 2307 and 377579?
769
Calculate the greatest common factor of 4330 and 90.
10
Calculate the highest common factor of 748820 and 20.
20
Calculate the greatest common factor of 288 and 10818.
18
Calculate the highest common divisor of 363 and 4125.
33
Calculate the greatest common divisor of 62 and 149978.
62
Calculate the greatest common factor of 333 and 36371.
37
What is the highest common divisor of 4384215 and 1683?
1683
What is the highest common divisor of 6777 and 1107?
27
Calculate the greatest common factor of 4350777 and 83.
83
Calculate the highest common factor of 200718 and 236.
118
What is the greatest common divisor of 4379283 and 37?
37
Calculate the highest common factor of 403 and 377611.
403
What is the highest common factor of 24155483 and 1441?
1441
What is the highest common divisor of 66 and 94710?
66
What is the highest common factor of 233528 and 8?
8
Calculate the greatest common divisor of 747 and 28967.
83
Calculate the greatest common factor of 1206 and 322605.
603
Calculate the greatest common factor of 2064 and 25112.
344
What is the greatest common factor of 317628 and 204?
204
Calculate the highest common factor of 57162 and 672.
42
Calculate the greatest common factor of 258430 and 2150.
430
What is the greatest common factor of 430169 and 5072?
317
Calculate the greatest common divisor of 3859 and 102.
17
What is the highest common factor of 133 and 8561?
7
What is the greatest common factor of 42642 and 12051?
927
Calculate the greatest common divisor of 5194 and 16702.
14
What is the greatest common divisor of 183 and 23851?
61
Calculate the highest common factor of 517 and 4747.
47
Calculate the greatest common divisor of 1793 and 44.
11
Calculate the highest common factor of 434294 and 201.
67
Calculate the greatest common divisor of 97218 and 66.
66
Calculate the highest common divisor of 45 and 1231470.
45
What is the greatest common factor of 747 and 71629?
83
What is the greatest common factor of 12654 and 8325?
333
Calculate the highest common divisor of 53288 and 8.
8
What is the highest common divisor of 62 and 48329?
31
What is the highest common factor of 10804 and 3796?
292
What is the highest common divisor of 672 and 3297?
21
What is the greatest common divisor of 135 and 40410?
45
What is the greatest common factor of 1855 and 15635?
265
Calculate the highest common factor of 22 and 442706.
22
Calculate the greatest common factor of 187 and 2127499.
187
Calculate the highest common divisor of 11457348 and 14.
14
Calculate the highest common divisor of 102 and 361794.
102
Calculate the greatest common factor of 2710 and 60.
10
What is the greatest common factor of 5425 and 11225?
25
Calculate the greatest common divisor of 371 and 49.
7
Calculate the highest common factor of 572 and 26494.
26
What is the highest common factor of 1776164 and 104?
52
Calculate the highest common divisor of 4704 and 2044.
28
Calculate the greatest common divisor of 714 and 68595.
51
Calculate the greatest common divisor of 6752 and 192.
32
Calculate the highest common divisor of 19647 and 45666.
531
Calculate the highest common factor of 585431 and 231.
77
What is the highest common divisor of 2486 and 15180?
22
Calculate the greatest common divisor of 2584 and 4600.
8
Calculate the highest common divisor of 7556 and 16.
4
What is the greatest common divisor of 838 and 2921687?
419
Calculate the highest common factor of 69470 and 90.
10
What is the highest common factor of 186 and 120?
6
What is the greatest common divisor of 268 and 919843?
67
Calculate the greatest common divisor of 119779 and 176.
11
Calculate the greatest common divisor of 13511 and 177.
59
What is the highest common factor of 11966 and 434?
62
Calculate the highest common factor of 925 and 3996.
37
What is the highest common factor of 177 and 295413?
177
What is the greatest common factor of 3436210 and 580?
290
What is the greatest common divisor of 12377928 and 31?
31
Calculate the greatest common divisor of 48 and 8619216.
48
What is the highest common divisor of 24354 and 99198?
594
Calculate the highest common divisor of 35303 and 215.
43
What is the highest common divisor of 7080 and 17835?
15
What is the greatest common divisor of 264 and 1272?
24
Calculate the greatest common divisor of 1348527 and 366.
183
Calculate the g